{"id":66,"date":"2018-11-04T11:31:58","date_gmt":"2018-11-04T09:31:58","guid":{"rendered":"https:\/\/ort.fi\/ilomantsi\/?page_id=66"},"modified":"2023-01-18T16:52:54","modified_gmt":"2023-01-18T14:52:54","slug":"diakoniatyo","status":"publish","type":"page","link":"https:\/\/ort.fi\/ilomantsi\/toiminta\/diakoniatyo\/","title":{"rendered":"Diakoniaty\u00f6"},"content":{"rendered":"\n<h5 class=\"has-normal-font-size wp-block-heading\"><strong><em>Ty\u00f6tt\u00f6mien ja v\u00e4h\u00e4varaisten ruokailu&nbsp;&nbsp;<\/em><\/strong><\/h5>\n\n\n\n<p>ti 21.2.2023 klo 11 (Koivukuja 1)<br>ti 14.3.2023 klo 11 (Koivukuja 1)<br>ma 24.4.2023 klo 12 (Ruskosillantie 19)<br><br>J\u00e4rj. Ilomantsin ev.lut. seurakunta, Ilomantsin ortodoksinen kappeliseurakunta, Ilomantsin Helluntaiseurakunta ja Ilomantsin Yritt\u00e4j\u00e4t<\/p>\n\n\n<figure class=\"wp-block-embed wp-block-embed-youtube is-type-video is-provider-youtube epyt-figure\"><div class=\"wp-block-embed__wrapper\"><div class=\"epyt-video-wrapper\"><iframe loading=\"lazy\"  style=\"display: block; margin: 0px auto;\"  id=\"_ytid_45517\"  width=\"825\" height=\"464\"  data-origwidth=\"825\" data-origheight=\"464\"  data-relstop=\"1\" src=\"https:\/\/www.youtube.com\/embed\/TPiQqaCTbeI?enablejsapi=1&#038;autoplay=0&#038;cc_load_policy=0&#038;cc_lang_pref=&#038;iv_load_policy=1&#038;loop=0&#038;rel=0&#038;fs=1&#038;playsinline=1&#038;autohide=2&#038;hl=fi&#038;theme=dark&#038;color=red&#038;controls=1&#038;disablekb=0&#038;\" class=\"__youtube_prefs__  no-lazyload\" title=\"Papit porisee \u2014 Korona ja pelko\"  allow=\"fullscreen; accelerometer; autoplay; clipboard-write; encrypted-media; gyroscope; picture-in-picture; web-share\" referrerpolicy=\"strict-origin-when-cross-origin\" allowfullscreen data-no-lazy=\"1\" data-skipgform_ajax_framebjll=\"\"><\/iframe><\/div><\/div><\/figure>\n\n\n<p><\/p>\n\n\n\n<figure><iframe loading=\"lazy\" src=\"https:\/\/www.youtube.com\/embed\/68EltAi2hnw\" width=\"725\" height=\"433\" allowfullscreen=\"allowfullscreen\"><\/iframe><\/figure>\n\n\n\n<hr class=\"wp-block-separator is-style-wide\"\/>\n\n\n\n<figure><figure><iframe loading=\"lazy\" width=\"725\" height=\"433\" src=\"https:\/\/www.youtube.com\/embed\/08wW__oqZyk\" frameborder=\"0\" allow=\"accelerometer; autoplay; encrypted-media; gyroscope; picture-in-picture\" allowfullscreen=\"\"><\/iframe><\/figure><figure><\/figure><\/figure>\n\n\n\n<hr class=\"wp-block-separator\"\/>\n\n\n\n<h2 class=\"wp-block-heading\">Miten voit auttaa? Vapaaehtoiskurssi osa 1, 27.9.2018<\/h2>\n\n\n\n<figure><iframe loading=\"lazy\" src=\"https:\/\/www.youtube.com\/embed\/34zP6wk9bKY\" width=\"725\" height=\"433\" allowfullscreen=\"allowfullscreen\"><\/iframe><\/figure>\n\n\n\n<p>Vastaa samoihin kysymyksiin kuin t\u00e4ll\u00e4 videolla:<br>&#8211; mit\u00e4 erilaisia vapaaehtoisty\u00f6n muotoja tied\u00e4tte ja mihin voisitte tulla mukaan?<br>&#8211; mik\u00e4 ero on yksintoimimisella verrattuna siihen, ett\u00e4 kuulun johonkin yhteis\u00f6\u00f6n? Miten l\u00f6yd\u00e4n autettavani?<br>&#8211; mitk\u00e4 voivat olla vapaaehtoisty\u00f6n k\u00e4yt\u00e4nn\u00f6n esteit\u00e4 ja mit\u00e4 voisivat olla ratkaisuja niihin?<\/p>\n\n\n\n<hr class=\"wp-block-separator is-style-wide\"\/>\n\n\n\n<h2 class=\"wp-block-heading\">Miten voin auttaa maahanmuuttajia?<\/h2>\n\n\n\n<figure><iframe loading=\"lazy\" src=\"https:\/\/www.youtube.com\/embed\/u6u2nHfpusc\" width=\"725\" height=\"433\" allowfullscreen=\"allowfullscreen\"><\/iframe><\/figure>\n\n\n\n<h2 class=\"wp-block-heading\">Osa 1, kurssin annetut vastaukset<\/h2>\n\n\n<div class=\"ead-preview\"><div class=\"ead-document\" style=\"position: relative;padding-top: 90%;\"><div class=\"ead-iframe-wrapper\"><iframe src=\"\/\/docs.google.com\/viewer?url=https%3A%2F%2Fort.fi%2Filomantsi%2Fwp-content%2Fuploads%2F2018%2F11%2FEnsimmaisen_osa_tehtava_vastaukset.pdf&amp;embedded=true&amp;hl=en\" title=\"Embedded Document\" class=\"ead-iframe\" style=\"width: 100%;height: 100%;border: none;position: absolute;left: 0;top: 0;visibility: hidden;\"><\/iframe><\/div>\t\t\t<div class=\"ead-document-loading\" style=\"width:100%;height:100%;position:absolute;left:0;top:0;z-index:10;\">\n\t\t\t\t<div class=\"ead-loading-wrap\">\n\t\t\t\t\t<div class=\"ead-loading-main\">\n\t\t\t\t\t\t<div class=\"ead-loading\">\n\t\t\t\t\t\t\t<img loading=\"lazy\" decoding=\"async\" src=\"https:\/\/ort.fi\/ilomantsi\/wp-content\/plugins\/embed-any-document\/images\/loading.svg\" width=\"55\" height=\"55\" alt=\"Loader\">\n\t\t\t\t\t\t\t<span>Loading...<\/span>\n\t\t\t\t\t\t<\/div>\n\t\t\t\t\t<\/div>\n\t\t\t\t\t<div class=\"ead-loading-foot\">\n\t\t\t\t\t\t<div class=\"ead-loading-foot-title\">\n\t\t\t\t\t\t\t<img loading=\"lazy\" decoding=\"async\" src=\"https:\/\/ort.fi\/ilomantsi\/wp-content\/plugins\/embed-any-document\/images\/EAD-logo.svg\" alt=\"EAD Logo\" width=\"36\" height=\"23\"\/>\n\t\t\t\t\t\t\t<span>Taking too long?<\/span>\n\t\t\t\t\t\t<\/div>\n\t\t\t\t\t\t<p>\n\t\t\t\t\t\t\t<div class=\"ead-document-btn ead-reload-btn\" role=\"button\">\n\t\t\t\t\t\t\t\t<img loading=\"lazy\" decoding=\"async\" src=\"https:\/\/ort.fi\/ilomantsi\/wp-content\/plugins\/embed-any-document\/images\/reload.svg\" alt=\"Reload\" width=\"12\" height=\"12\"\/> Reload document\t\t\t\t\t\t\t<\/div>\n\t\t\t\t\t\t\t<span>|<\/span>\n\t\t\t\t\t\t\t<a href=\"https:\/\/ort.fi\/ilomantsi\/wp-content\/uploads\/2018\/11\/Ensimmaisen_osa_tehtava_vastaukset.pdf\" class=\"ead-document-btn\" target=\"_blank\">\n\t\t\t\t\t\t\t\t<img loading=\"lazy\" decoding=\"async\" src=\"https:\/\/ort.fi\/ilomantsi\/wp-content\/plugins\/embed-any-document\/images\/open.svg\" alt=\"Open\" width=\"12\" height=\"12\"\/> Open in new tab\t\t\t\t\t\t\t<\/a>\n\t\t\t\t\t<\/div>\n\t\t\t\t<\/div>\n\t\t\t<\/div>\n\t\t<\/div><p class=\"embed_download\"><a href=\"https:\/\/ort.fi\/ilomantsi\/wp-content\/uploads\/2018\/11\/Ensimmaisen_osa_tehtava_vastaukset.pdf\" download>Lataa dokumentti [443.70 KB] <\/a><\/p><\/div>\n","protected":false},"excerpt":{"rendered":"<p>Ty\u00f6tt\u00f6mien ja v\u00e4h\u00e4varaisten ruokailu&nbsp;&nbsp; ti 21.2.2023 klo 11 (Koivukuja 1)ti 14.3.2023 klo 11 (Koivukuja 1)ma 24.4.2023 klo 12 (Ruskosillantie 19) J\u00e4rj. Ilomantsin ev.lut. seurakunta, Ilomantsin ortodoksinen kappeliseurakunta, Ilomantsin Helluntaiseurakunta ja &#8230; <a title=\"Diakoniaty\u00f6\" class=\"read-more\" href=\"https:\/\/ort.fi\/ilomantsi\/toiminta\/diakoniatyo\/\" aria-label=\"Lue lis\u00e4\u00e4 aiheesta Diakoniaty\u00f6\">Lue lis\u00e4\u00e4<\/a><\/p>\n","protected":false},"author":4,"featured_media":0,"parent":58,"menu_order":0,"comment_status":"closed","ping_status":"closed","template":"","meta":{"ngg_post_thumbnail":0,"footnotes":""},"class_list":["post-66","page","type-page","status-publish"],"_links":{"self":[{"href":"https:\/\/ort.fi\/ilomantsi\/wp-json\/wp\/v2\/pages\/66","targetHints":{"allow":["GET"]}}],"collection":[{"href":"https:\/\/ort.fi\/ilomantsi\/wp-json\/wp\/v2\/pages"}],"about":[{"href":"https:\/\/ort.fi\/ilomantsi\/wp-json\/wp\/v2\/types\/page"}],"author":[{"embeddable":true,"href":"https:\/\/ort.fi\/ilomantsi\/wp-json\/wp\/v2\/users\/4"}],"replies":[{"embeddable":true,"href":"https:\/\/ort.fi\/ilomantsi\/wp-json\/wp\/v2\/comments?post=66"}],"version-history":[{"count":32,"href":"https:\/\/ort.fi\/ilomantsi\/wp-json\/wp\/v2\/pages\/66\/revisions"}],"predecessor-version":[{"id":9771,"href":"https:\/\/ort.fi\/ilomantsi\/wp-json\/wp\/v2\/pages\/66\/revisions\/9771"}],"up":[{"embeddable":true,"href":"https:\/\/ort.fi\/ilomantsi\/wp-json\/wp\/v2\/pages\/58"}],"wp:attachment":[{"href":"https:\/\/ort.fi\/ilomantsi\/wp-json\/wp\/v2\/media?parent=66"}],"curies":[{"name":"wp","href":"https:\/\/api.w.org\/{rel}","templated":true}]}}